visor of p and h.
9
Let f be (-6 + -2)/(-4) + -1. Let p = -21 - -32. What is the highest common divisor of f and p?
1
Suppose 0 = -2*f + 4*f + 4. Let v be (16 - -1) + f - -2. Suppose 5*w - 3*w = 170. What is the greatest common divisor of v and w?
17
Let h = -25 + 76. What is the highest common factor of 34 and h?
17
Let t(i) = 7*i**2 + 3*i + 2. Let r be t(-2). What is the greatest common divisor of 72 and r?
24
Let r = 15 + 11. Let g = -10 - -62. Calculate the greatest common factor of g and r.
26
Suppose 0 = 2*i + i. Suppose 5*a - 3*a - 57 = -k, -5*k + 5 = i. What is the greatest common divisor of a and 7?
7
Suppose 0 = 5*n - 2*o + 3*o + 3, 0 = -n - o - 3. Suppose n = -4*b + 5*b - 30. Suppose 4*r - 3 = 17. Calculate the highest common divisor of r and b.
5
Let s be (3/2)/((-3)/(-72)). Suppose 4 = n - 0*n. What is the greatest common factor of n and s?
4
Suppose 234 = 3*m + 84. What is the greatest common divisor of 10 and m?
10
Let a(i) = -22*i + 8. Let r be a(-6). Suppose -20*n + 15*n + r = 0. Let h(d) = -3*d - 4. Let b be h(-6). Calculate the greatest common factor of b and n.
14
Suppose 2*x - 48 = -2*g + 6*g, -2*g + 36 = x. Let k(q) = q**2 - 5*q + 4. Let y be k(6). What is the greatest common divisor of x and y?
10
Let t = 6 + -1. Let h be (-8)/(-28) - 794/(-14). Suppose t*c - h = -4*n, 6 = -5*n + 4*c + 26. What is the highest common factor of n and 88?
8
Suppose 0*z - 4*z - 36 = 2*r, -4*z - r = 40. Let n = z + 16. What is the greatest common divisor of 15 and n?
5
Let o(z) = -4*z**3 - z**2 - z - 2. Let g be o(-2). Suppose p - 55 + 13 = 0. What is the greatest common factor of g and p?
14
Let a(k) = -10*k**3 - 2*k**2 - k. Let t be a(-1). Let p = 4 + t. Calculate the highest common divisor of p and 26.
13
Let i be (-4)/3*(-27)/18. Calculate the highest common divisor of 8 and i.
2
Let r(g) = g**2 + 1. Let p be -1 + 1 + (4 - 2). Suppose p*y - 3*t - 3 = -y, -2*t = 2*y - 10. Let m be r(y). What is the greatest common factor of 50 and m?
10
Let r be (2/(-4))/((-3)/6). Suppose -r = -s + 20. Suppose -s - 2 = 2*h + 5*a, -3*h = a + 2. Calculate the highest common factor of h and 1.
1
Let y(x) = -x**3 + 2*x**2 + 5*x - 5. Let s be y(-6). What is the highest common divisor of 23 and s?
23
Suppose 0 = -3*r + r + 16. Let a be (-178)/(-4) - 1/2. Suppose 0 = 2*b + 4, -5*m + 2*b = -0*b - a. Calculate the highest common divisor of m and r.
8
Suppose -3*m - 3*m + 24 = 0. Calculate the highest common factor of m and 28.
4
Let a(o) = -o**3 - o**2 + 3. Let f be a(0). Let s be 16*(0 + f/6). Calculate the highest common factor of 8 and s.
8
Suppose -10 = -3*x + 14. Let d be 42/10 + 5/(-25). Calculate the highest common factor of d and x.
4
Suppose -2*m - 162 = -8*m. What is the greatest common factor of 18 and m?
9
Suppose -a - 6 = 5*r + 4, 0 = -2*a + 4*r - 76. Let j be 3/15*-4*a. Calculate the greatest common factor of j and 16.
8
Let n(c) = c**2 - 6*c. Let o be n(6). Let k(w) = w**2 + 2*w - 1. Let h be k(-3). Suppose o = -l + 2 + h. What is the greatest common divisor of l and 32?
4
Suppose -9*i + 5*i + 432 = 0. What is the highest common factor of 12 and i?
12
Suppose -295 = -5*o - 5*s, -3*o = -2*s - 106 - 76. Calculate the greatest common divisor of o and 72.
12
Let t = -3 - -4. Let r be (-12)/(-3 - -2) - t. What is the greatest common divisor of r and 11?
11
Suppose 215 = 4*p + 7. Suppose -v = v + 3*a - 47, -5*v - 4*a = -128. Let s = p + v. Calculate the greatest common factor of 10 and s.
10
Suppose -5*d = -0*d - 20. What is the highest common divisor of 32 and d?
4
Suppose -5*k = -57 - 148. Suppose 4*d - 27 = k. What is the greatest common factor of 119 and d?
17
Suppose -3*q + 814 = n, 0 = -4*q - 0*q - 5*n + 1067. Calculate the highest common divisor of 21 and q.
21
Suppose 3*a = 4*v + 89, -4*a + 2*v + 0*v + 112 = 0. Let p be (-1)/(a/14 + -2). Calculate the highest common factor of p and 98.
14
Let f = -13 + 14. Suppose 0 = -4*v + 13 - f. Calculate the greatest common factor of v and 3.
3
Suppose 6 = -2*h - 4*w, -w = h - 3*w - 9. What is the highest common divisor of h and 33?
3
Let m be (-25)/(-5)*108/15. Suppose 224 = 4*r - 4*u, -4*u + m = -0*r + r. Calculate the greatest common divisor of r and 13.
13
Let s = -14 + 29. Calculate the greatest common divisor of s and 165.
15
Let g be 142 + 2/1 + 0. Calculate the highest common factor of 16 and g.
16
Suppose -3*n - 3*i + 63 = 0, -i + 0*i - 4 = 0. Calculate the greatest common divisor of n and 25.
25
Suppose -d = -0*d - 30. Let h(q) = -2*q - 12. Let r be h(-9). Let t be r/(1*3/10). Calculate the highest common factor of t and d.
10
Suppose 0 = 7*t - 82 - 16. Calculate the greatest common divisor of t and 154.
14
Suppose -p = 4*p - 4*b - 652, 4*b = 3*p - 396. Calculate the greatest common factor of 32 and p.
32
Let n(d) = 18*d - 13. Let q be n(5). What is the highest common divisor of 11 and q?
11
Let l(z) = -z + 14. Let c be l(-5). Calculate the greatest common factor of c and 209.
19
Let q be (561/(-55))/(1/(-5)). What is the greatest common factor of q and 17?
17
Suppose -4*x = -9*x + 15. Let q(d) = d**3 + 6*d**2 + 3*d - 6. Let g be q(-5). Suppose -g*n = -n - 72. What is the greatest common divisor of x and n?
3
Let l = -9 + 13. Suppose 0*f = -l*f + 20. Suppose c + 132 = f*c. Calculate the greatest common divisor of c and 3.
3
Suppose -2*s = -3*s + 4. Let u be (-8)/(-5) - 4/(-10). Calculate the greatest common divisor of u and s.
2
Let b = 9 + -5. Let q(j) = 13*j + 5. Let t be q(b). Suppose 33 = 5*a - t. Calculate the highest common factor of 45 and a.
9
Let b = 10 + 3. What is the greatest common divisor of 13 and b?
13
Suppose -5*y = -0*y. Suppose b - 2*t - 2 = 2*b, y = 3*t. Let p be 106/6 + b/(-6). Calculate the greatest common factor of 90 and p.
18
Suppose -27*s + 20*s = -56. What is the greatest common factor of 16 and s?
8
Let b = 17 + 7. Suppose -3*i + q + 2*q + 42 = 0, i = 3*q + b. What is the greatest common divisor of 3 and i?
3
Let z be ((-17)/3)/(7/(-21)). Calculate the highest common divisor of 119 and z.
17
Suppose -5*m - 7 = z, z - 2*m - m = 33. What is the greatest common factor of 9 and z?
9
Suppose v + 0 = 21. What is the greatest common factor of 3 and v?
3
Suppose -y + 261 = 92. Calculate the highest common divisor of y and 13.
13
Let u = 21 + -6. Suppose 0 = 4*q - q - 405. What is the greatest common divisor of u and q?
15
Let h be (-1 + -9)/(-1 - 1). Calculate the greatest common divisor of h and 85.
5
Let t be ((-14)/(-6) - -1)*3. Suppose -t = -4*g + 18. Let v(h) = h**3 - 6*h**2 - 3*h - 1. Let d be v(g). Calculate the greatest common factor of d and 18.
9
Suppose 1 = 2*x - 7. Suppose t + 3*k = 127, 396 = x*t + 3*k - 121. Calculate the highest common divisor of 13 and t.
13
Suppose -5*d = 4*c - d - 76, 4*d - 16 = 0. Let o(l) = l**2 + l + 3. Let z be o(-4). Calculate the greatest common divisor of z and c.
15
Let d = 15 + -10. Suppose z - c - 30 = 0, 2*z - 38 = 4*c + 12. What is the highest common factor of z and d?
5
Let k(a) = 5*a**2 - 17*a + 44. Let r(w) = -2*w**2 + 9*w - 22. Let u(p) = -3*k(p) - 7*r(p). Let f be u(-12). What is the greatest common divisor of f and 22?
22
Let b(v) = -3*v - 5. Let m be b(-5). Suppose 0 = 2*z - m - 14. Let r be ((-36)/5)/((-12)/40). What is the greatest common divisor of z and r?
12
Suppose 5*a - 14 - 36 = -5*c, 3*c - 40 = -5*a. Suppose -3*n - 3*h + 171 = 0, -a*n + 4*h = 2*h - 264. Calculate the highest common divisor of 6 and n.
6
Let g = 1 + 29. Suppose 2*u + 3*f - 22 = 30, 2*u = f + 36. What is the greatest common factor of g and u?
10
Let g be ((-14)/35)/(2/(-240)). Suppose -4*b + g = -16. Calculate the greatest common factor of 64 and b.
16
Let y be (18/12)/((-3)/(-20)). Calculate the highest common divisor of 70 and y.
10
Suppose 0 = -5*i + 25 + 50. Calculate the greatest common factor of i and 135.
15
Let f be 1 - -2 - (-6 + -3). What is the highest common divisor of 24 and f?
12
Suppose -5*x - 46 = -w, w + 3*x + 0 = 6. Calculate the greatest common divisor of w and 63.
21
Suppose 648 = 5*g + 4*x - 516, 3*g - 4*x = 692. What is the highest common factor of 29 and g?
29
Suppose 123 - 24 = 3*l. Suppose 5*y = -3*u + l + 4, -2*y = -4*u + 6. Let g = 15 - 5. Calculate the highest common divisor of g and y.
5
Suppose 2*i - 5*b - 77 = 0, i + 3